 factor of 280145?
False
Does 6 divide 80844?
True
Is 12146002 a multiple of 22?
True
Is 25 a factor of 1922300?
True
Is 183 a factor of 4165571?
False
Is 290 a factor of 7789985?
False
Is 18 a factor of 9378?
True
Is 3 a factor of 28473?
True
Is 27 a factor of 258552?
True
Is 22768 even?
True
Does 6 divide 29052?
True
Does 5 divide 55565?
True
Does 755 divide 9177780?
True
Is 76 a factor of 21964?
True
Does 40 divide 21698160?
True
Does 39 divide 3648928?
False
Is 2745347 a multiple of 114?
False
Is 27498366 a multiple of 27?
True
Does 26 divide 424083?
False
Is 3284556 a multiple of 132?
True
Is 123240 a multiple of 78?
True
Does 3 divide 20689?
False
Is 36667 a multiple of 109?
False
Is 316 a factor of 10275372?
True
Does 148 divide 87624?
False
Is 206 a factor of 358369?
False
Is 203778 a multiple of 2?
True
Is 97 a factor of 3278106?
False
Is 167 a factor of 2277880?
True
Does 70 divide 3974530?
True
Does 10 divide 47740?
True
Does 15 divide 81420?
True
Is 461770 a multiple of 106?
False
Is 38 a factor of 201628?
True
Is 9 a factor of 6651180?
True
Is 3099556 a multiple of 4?
True
Does 20 divide 865200?
True
Is 27 a factor of 7233084?
True
Is 74 a factor of 284416?
False
Is 303744 a multiple of 28?
True
Is 336 a factor of 289811?
False
Is 34001 a multiple of 4?
False
Is 8 a factor of 1691328?
True
Is 155416 a multiple of 11?
False
Is 10 a factor of 10191250?
True
Is 4518551 a multiple of 89?
False
Is 304 a factor of 72656?
True
Is 485654 even?
True
Is 36405653 a multiple of 19?
True
Is 927098 a multiple of 232?
False
Is 23291088 a multiple of 276?
True
Is 41 a factor of 577813?
True
Is 106406 a multiple of 51?
False
Does 354 divide 25134?
True
Does 126 divide 166114?
False
Is 1210 a factor of 2946680?
False
Is 204 a factor of 118824?
False
Does 58 divide 2955218?
False
Does 141 divide 419757?
True
Is 5901 a multiple of 281?
True
Is 521070 a multiple of 27?
False
Does 25 divide 10425?
True
Does 15 divide 407355?
True
Does 13 divide 98657?
True
Is 25752 a multiple of 76?
False
Is 311048 a multiple of 472?
True
Does 559 divide 159315?
True
Is 45 a factor of 220905?
True
Is 123 a factor of 343483?
False
Is 112636 a multiple of 7?
False
Does 8 divide 1619024?
True
Does 33 divide 906411?
True
Is 223910 a multiple of 390?
False
Is 60671 a multiple of 608?
False
Is 4 a factor of 1848128?
True
Is 120659 a multiple of 9?
False
Does 13 divide 536586?
False
Does 91 divide 3292365?
False
Is 20 a factor of 283578?
False
Is 33674 a multiple of 19?
False
Is 9 a factor of 184563?
True
Is 3922645 a multiple of 785?
True
Is 16 a factor of 4317721?
False
Is 1280940 a multiple of 185?
True
Is 262 a factor of 115252?
False
Does 501 divide 2051595?
True
Is 40 a factor of 816739?
False
Is 43 a factor of 1351701?
False
Does 389 divide 71398?
False
Is 16 a factor of 249954?
False
Is 282795 a multiple of 255?
True
Is 9 a factor of 320366?
False
Is 312039 a multiple of 63?
True
Does 54 divide 3247856?
False
Is 673464 a multiple of 2?
True
Does 2 divide 31660?
True
Is 43 a factor of 12493521?
True
Is 35052704 a multiple of 165?
False
Does 37 divide 12693914?
False
Does 68 divide 3768193?
False
Is 34 a factor of 377080?
False
Does 4 divide 294871?
False
Is 24 a factor of 32096?
False
Is 40301 a multiple of 191?
True
Is 118 a factor of 3447760?
False
Does 15 divide 75120?
True
Is 270329 a multiple of 38?
False
Does 2 divide 3460332?
True
Does 2 divide 425638?
True
Does 16 divide 7869472?
True
Is 19378748 a multiple of 10?
False
Does 75 divide 136?
False
Does 112 divide 279440?
True
Is 3 a factor of 1605420?
True
Does 558 divide 2841016?
False
Is 3553107 a multiple of 140?
False
Does 11 divide 541429?
False
Is 12 a factor of 85570?
False
Does 140 divide 294198?
False
Is 775 a factor of 82150?
True
Is 241651 a multiple of 5?
False
Does 222 divide 239538?
True
Does 38 divide 58040?
False
Does 11 divide 56012?
True
Is 17437663 a multiple of 35?
False
Is 1113858 a multiple of 27?
True
Does 6 divide 339741?
False
Does 4 divide 54862?
False
Is 6 a factor of 2574204?
True
Is 230627 a multiple of 16?
False
Does 85 divide 184960?
True
Is 232 a factor of 12792712?
True
Is 157 a factor of 2985198?
True
Is 527 a factor of 1915118?
True
Does 7 divide 270687?
False
Is 22 a factor of 3058?
True
Is 7 a factor of 1010329?
False
Does 251 divide 302593?
False
Is 1100 a factor of 514470?
False
Does 37 divide 61531?
True
Is 34 a factor of 1723324?
True
Does 25 divide 2142250?
True
Does 134 divide 96212?
True
Does 19 divide 49077?
True
Is 8 a factor of 2193600?
True
Is 1290380 a multiple of 28?
True
Is 13710 a multiple of 15?
True
Is 1959552 a multiple of 81?
True
Is 13 a factor of 894719?
False
Does 251 divide 420927?
True
Does 456 divide 645696?
True
Does 119 divide 165648?
True
Is 6 a factor of 5388666?
True
Is 49 a factor of 1771039?
False
Is 344162 a multiple of 14?
True
Is 22646 a multiple of 2?
True
Is 34 a factor of 9907245?
False
Is 19 a factor of 19304?
True
Is 4 a factor of 193015?
False
Does 87 divide 6091044?
True
Is 20 a factor of 237080?
True
Is 5096133 a multiple of 221?
False
Is 57 a factor of 49248?
True
Does 15 divide 33705?
True
Does 2 divide 143899?
False
Is 1656127 a multiple of 33?
False
Is 102 a factor of 17023902?
True
Is 10 a factor of 24911607?
False
Does 121 divide 492131?
False
Is 13400376 a multiple of 44?
True
Is 1874271 a multiple of 37?
False
Is 23 a factor of 183759?
False
Does 47 divide 9547956?
True
Is 24795 a multiple of 19?
True
Is 623224 a multiple of 28?
True
Is 4 a factor of 878678?
False
Is 23357664 a multiple of 1056?
True
Is 190566 a multiple of 27?
True
Is 126225 a multiple of 23?
False
Is 178483 a multiple of 21?
False
Is 390 a factor of 9727770?
True
Is 3557448 a multiple of 6?
True
Is 41307 a multiple of 3?
True
Is 85 a factor of 376170?
False
Is 30536 a multiple of 4?
True
Is 162294 a multiple of 2?
True
Is 19949378 a multiple of 101?
False
Is 111916 a multiple of 49?
True
Is 87 a factor of 2715705?
True
Does 137 divide 123312?
False
Is 694658 a multiple of 285?
False
Does 63 divide 201789?
True
Is 196540 a multiple of 20?
True
Is 280 a factor of 138895?
False
Is 38 a factor of 39860?
False
Is 334499 a multiple of 625?
False
Is 15 a factor of 4770?
True
Is 12094992 a multiple of 546?
True
Does 72 divide 797067?
False
Is 4 a factor of 601072?
True
Is 19 a factor of 10161326?
False
Does 44 divide 480380?
False
Is 205691 a multiple of 34?
False
Is 99320 a multiple of 8?
True
Is 3036539 a multiple of 5?
False
Does 13 divide 5063104?
False
Does 25 divide 3185856?
False
Does 267 divide 674175?
True
Is 422455 a multiple of 5?
True
Does 189 divide 298657?
False
Does 12 divide 12287981?
False
Is 23 a factor of 82847?
False
Is 12 a factor of 8052168?
True
Does 687 divide 1530709?
False
Is 6 a factor of 170538?
True
Does 11 divide 4596713?
True
Does 29 divide 1359317?
True
Does 251 divide 868209?
True
Is 397 a factor of 3059124?
False
Is 2059214 a multiple of 16?
False
Is 687 a factor of 6786186?
True
Does 3 divide 29840?
False
Is 1550628 a multiple of 171?
True
Is 443475 a multiple of 135?
True
Is 31 a factor of 2748149?
False
Does 13 divide 19017?
False
Is 8 a factor of 138476?
False
Is 217 a factor of 11173538?
False
Is 13 a factor of 20085?
True
Is 250 a factor of 349750?
True
Does 14 divide 7064?
False
Does 84 divide 201568?
False
Is 733 a factor of 1456896?
False
Is 88 a factor of 130592?
True
Is 109 a factor of 346947?
True
Is 6 a factor of 674563?
False
Does 1583 divide 7327707?
True
Is 4908356 a multiple of 164?
True
Is 1009038 a multiple of 672?
False
Is 13 a factor of 154106?
False
Is 2096324 a multiple of 19?
False
Does 258 divide 4132128?
True
Is 3423000 a multiple of 875?
True
Does 1591 divide 7867618?
False
Is 102 a factor of 3034933?
False
Is 754272 a multiple of 211?
False
Is 80 a factor of 370978?
False
Is 115 a factor of 198696?
False
Does 4 divide 209178?
False
Is 16 a factor of 50464?
True
Is 14152830 a multiple of 15?
True
Does 67 divide 89506?
False
Is 92 a factor of 4876?
True
Is 758 a factor of 7207064?
True
Is 28 a factor of 123340?
True
Is 286 a factor of 1702605?
False
Is 65 a factor of 612625?
True
Is 39 a factor of 1041027?
True
Is 14 a factor of 700?
True
Does 20 divide 3720805?
False
Is 26 a factor of 5400419?
False
I